{"id":99,"date":"2017-05-08T12:31:36","date_gmt":"2017-05-08T10:31:36","guid":{"rendered":"http:\/\/grumann.eu\/?page_id=99"},"modified":"2018-02-02T20:47:30","modified_gmt":"2018-02-02T19:47:30","slug":"5-projekt","status":"publish","type":"page","link":"https:\/\/grumann.eu\/?page_id=99","title":{"rendered":"Planen im Au\u00dfenbereich &#8211; Neubau eines Weingutes in Johannisberg"},"content":{"rendered":"<p>Als die urspr\u00fcngliche Kooperation mit einem anderen Winzer aufgrund der rechtlichen Bestimmungen f\u00fcr mehrere Weing\u00fcter unter einem Dach immer komplizierter wurde,\u00a0fiel die Entscheidung f\u00fcr einen Umzug. Da ein Neubau auf dem Gel\u00e4nde des bestehenden Betriebes aus Naturschutzgr\u00fcnden ausgeschlossen war, musste ein\u00a0Ausweichgel\u00e4nde gesucht und beplant werden.\u00a0Das neu zu bebauende Grundst\u00fcck lag au\u00dferhalb der Ortschaft, im sogenannten unbeplanten Au\u00dfenbereich. Dies bedeutete, dass wesentlich mehr Fachbeh\u00f6rden zur\u00a0Entscheidungsfindung herangezogen werden mussten, als bei normalen Bauantr\u00e4gen. Trotz dieser H\u00fcrden gelang es in kurzer Zeit, eine Baugenehmigung zu erreichen.\u00a0Der Bauherr w\u00fcnschte sich ein Weingut, das ausreichende Kapazit\u00e4ten f\u00fcr die stetig wachsende Rebfl\u00e4che bietet. Neben Lagerfl\u00e4chen f\u00fcr Flaschen und Barriques,\u00a0einer Kelterhalle und einer Maschinenhalle, sollte auch eine Vinothek f\u00fcr Weinproben und Verkostung nach Anmeldung sowie der Pr\u00e4sentation neuer Jahrg\u00e4nge f\u00fcr\u00a0ein Fachpuplikum entworfen werden.<\/p>\n<p>Planung: Grumann Hemm Architekten<\/p>\n<p>Bauherr: Chat Sauvage<\/p>\n<p>BRI gem. DIN 277: ca. 4400 m\u00b3<\/p>\n<p>Leistung nach HOAI: LP 1-4<\/p>\n<p>(Grundlagenermittlung bis Genehmigungsplanung)<\/p>\n<p>Planungsbeginn: Dezember 2008<\/p>\n<p>Baugenehmigung: September 2009<\/p>\n<p>Fertigstellung: August 2010<\/p>\n<p>&nbsp;<\/p>\n","protected":false},"excerpt":{"rendered":"<p>Als die urspr\u00fcngliche Kooperation mit einem anderen Winzer aufgrund der rechtlichen Bestimmungen f\u00fcr mehrere Weing\u00fcter unter einem Dach immer komplizierter wurde,\u00a0fiel die Entscheidung f\u00fcr einen Umzug. Da ein Neubau auf dem Gel\u00e4nde des bestehenden Betriebes aus Naturschutzgr\u00fcnden ausgeschlossen war, musste &hellip; <a href=\"https:\/\/grumann.eu\/?page_id=99\">Weiterlesen <span class=\"meta-nav\">&rarr;<\/span><\/a><\/p>\n","protected":false},"author":1,"featured_media":0,"parent":112,"menu_order":0,"comment_status":"closed","ping_status":"closed","template":"","meta":{"footnotes":""},"class_list":["post-99","page","type-page","status-publish","hentry"],"_links":{"self":[{"href":"https:\/\/grumann.eu\/index.php?rest_route=\/wp\/v2\/pages\/99","targetHints":{"allow":["GET"]}}],"collection":[{"href":"https:\/\/grumann.eu\/index.php?rest_route=\/wp\/v2\/pages"}],"about":[{"href":"https:\/\/grumann.eu\/index.php?rest_route=\/wp\/v2\/types\/page"}],"author":[{"embeddable":true,"href":"https:\/\/grumann.eu\/index.php?rest_route=\/wp\/v2\/users\/1"}],"replies":[{"embeddable":true,"href":"https:\/\/grumann.eu\/index.php?rest_route=%2Fwp%2Fv2%2Fcomments&post=99"}],"version-history":[{"count":2,"href":"https:\/\/grumann.eu\/index.php?rest_route=\/wp\/v2\/pages\/99\/revisions"}],"predecessor-version":[{"id":187,"href":"https:\/\/grumann.eu\/index.php?rest_route=\/wp\/v2\/pages\/99\/revisions\/187"}],"up":[{"embeddable":true,"href":"https:\/\/grumann.eu\/index.php?rest_route=\/wp\/v2\/pages\/112"}],"wp:attachment":[{"href":"https:\/\/grumann.eu\/index.php?rest_route=%2Fwp%2Fv2%2Fmedia&parent=99"}],"curies":[{"name":"wp","href":"https:\/\/api.w.org\/{rel}","templated":true}]}}