{"id":76,"date":"2017-05-08T12:28:55","date_gmt":"2017-05-08T10:28:55","guid":{"rendered":"http:\/\/grumann.eu\/?page_id=76"},"modified":"2018-02-02T20:41:37","modified_gmt":"2018-02-02T19:41:37","slug":"32-projekt","status":"publish","type":"page","link":"https:\/\/grumann.eu\/?page_id=76","title":{"rendered":"Verkaufsf\u00f6rderung und Umbauentwurf f\u00fcr eine Villa\u00a0aus dem 19. Jahrhundert in Bad Homburg\u00a0"},"content":{"rendered":"<p>Auszug aus der Pr\u00e4sentationsmappe zur Verkaufsf\u00f6rderung:<\/p>\n<p>Ein herrliches Anwesen am S\u00fcd-Ost-Hang des Taunusgebirges, gelegen zwischen der quirligen Metropole Frankfurt und den ruhigen Taunusw\u00e4ldern, sucht einen neuen Besitzer. Selten wird ein solch individuelles und gro\u00dfz\u00fcgiges Anwesen in Bestlage von Bad Homburg angeboten:<\/p>\n<p>&#8211;\u00a0 \u00a0 eingewachsenes Grundst\u00fcck, 2153m\u00b2 mit altem Baumbestand<\/p>\n<p>&#8211;\u00a0 \u00a0 um die 450 m\u00b2 Wohn-und Nutzfl\u00e4che<\/p>\n<p>&#8211;\u00a0 \u00a0 wundersch\u00f6ne Fassade mit stilvollen Holzdetails<\/p>\n<p>&#8211;\u00a0 \u00a0 flexibel nutzbare Grundrisse<\/p>\n<p>&#8211;\u00a0 \u00a0 hochwertig ausgestattete Einliegerwohnung mit liebevoll gestalteter Terrasse im Kellergeschoss&#8230;.\u201c<\/p>\n<p>Neben der Erstellung eines Portfolios des Anwesens, wurde auch ein Entwurf zur Modernisierung der vorhandenen Grundrisse erstellt. Hierbei wurden haupts\u00e4chlich Ver\u00e4nderungen im Erdgeschoss geplant. Durch die Verschiebung der Treppenanlage und der Eingangst\u00fcr um einige Meter, ergibt sich ein neuer Eingangsbereich, der weitaus mehr Platz f\u00fcr Ankommen und Begr\u00fc\u00dfen bietet als die bestehende Situation. Ein weiterer positiver Aspekt dieser Ver\u00e4nderung ist der folgerichtige, direkte Anschluss an den repr\u00e4sentativen Bereich, das gro\u00dfz\u00fcgige Esszimmer mit offener K\u00fcche und Fl\u00fcgelt\u00fcr.<\/p>\n<p>Durch solche geschickten, aber nicht zu radikalen Ver\u00e4nderungen wird eine Verbesserung der Wohnqualit\u00e4t erreicht, ohne dass der Charakter des Geb\u00e4udes beeinflusst wird.<\/p>\n<p>Planung: c\u00b2<\/p>\n<p>Bauherr: \u00a0 privat<\/p>\n<p>Leistungen nach HOAI:\u00a0 LP 1-3 (Grundlagenermittlung bis Entwurfsplanung)<\/p>\n<p>Planerstellung:\u00a0 Mai 2005<\/p>\n<p>&nbsp;<\/p>\n","protected":false},"excerpt":{"rendered":"<p>Auszug aus der Pr\u00e4sentationsmappe zur Verkaufsf\u00f6rderung: Ein herrliches Anwesen am S\u00fcd-Ost-Hang des Taunusgebirges, gelegen zwischen der quirligen Metropole Frankfurt und den ruhigen Taunusw\u00e4ldern, sucht einen neuen Besitzer. Selten wird ein solch individuelles und gro\u00dfz\u00fcgiges Anwesen in Bestlage von Bad Homburg &hellip; <a href=\"https:\/\/grumann.eu\/?page_id=76\">Weiterlesen <span class=\"meta-nav\">&rarr;<\/span><\/a><\/p>\n","protected":false},"author":1,"featured_media":0,"parent":112,"menu_order":0,"comment_status":"closed","ping_status":"closed","template":"","meta":{"footnotes":""},"class_list":["post-76","page","type-page","status-publish","hentry"],"_links":{"self":[{"href":"https:\/\/grumann.eu\/index.php?rest_route=\/wp\/v2\/pages\/76","targetHints":{"allow":["GET"]}}],"collection":[{"href":"https:\/\/grumann.eu\/index.php?rest_route=\/wp\/v2\/pages"}],"about":[{"href":"https:\/\/grumann.eu\/index.php?rest_route=\/wp\/v2\/types\/page"}],"author":[{"embeddable":true,"href":"https:\/\/grumann.eu\/index.php?rest_route=\/wp\/v2\/users\/1"}],"replies":[{"embeddable":true,"href":"https:\/\/grumann.eu\/index.php?rest_route=%2Fwp%2Fv2%2Fcomments&post=76"}],"version-history":[{"count":3,"href":"https:\/\/grumann.eu\/index.php?rest_route=\/wp\/v2\/pages\/76\/revisions"}],"predecessor-version":[{"id":180,"href":"https:\/\/grumann.eu\/index.php?rest_route=\/wp\/v2\/pages\/76\/revisions\/180"}],"up":[{"embeddable":true,"href":"https:\/\/grumann.eu\/index.php?rest_route=\/wp\/v2\/pages\/112"}],"wp:attachment":[{"href":"https:\/\/grumann.eu\/index.php?rest_route=%2Fwp%2Fv2%2Fmedia&parent=76"}],"curies":[{"name":"wp","href":"https:\/\/api.w.org\/{rel}","templated":true}]}}