{"id":74,"date":"2017-05-08T12:31:12","date_gmt":"2017-05-08T10:31:12","guid":{"rendered":"http:\/\/grumann.eu\/?page_id=74"},"modified":"2018-02-02T20:45:44","modified_gmt":"2018-02-02T19:45:44","slug":"46-projekt","status":"publish","type":"page","link":"https:\/\/grumann.eu\/?page_id=74","title":{"rendered":"Neubau von f\u00fcnf Restaurants am Moskovskaya-Platz in Moskau"},"content":{"rendered":"<p>Werkplanung f\u00fcr den Neubau \u00a0von vier Restaurants und einer Habana-Bar inklusive der dazugeh\u00f6rigen K\u00fcchen im denkmalgesch\u00fctztem Block Moskovskaya-Platz in Moskau.<\/p>\n<p>Planung: ID F\u00fcssner<\/p>\n<p>Bauherr: privat<\/p>\n<p>BRI gem. DIN 277: 15.500 m\u00b3<\/p>\n<p>Leistungen nach HOAI: LP 5 (Werkplanung)<\/p>\n<p>Planungsbeginn: Mai 2001<\/p>\n<p>&nbsp;<\/p>\n","protected":false},"excerpt":{"rendered":"<p>Werkplanung f\u00fcr den Neubau \u00a0von vier Restaurants und einer Habana-Bar inklusive der dazugeh\u00f6rigen K\u00fcchen im denkmalgesch\u00fctztem Block Moskovskaya-Platz in Moskau. Planung: ID F\u00fcssner Bauherr: privat BRI gem. DIN 277: 15.500 m\u00b3 Leistungen nach HOAI: LP 5 (Werkplanung) Planungsbeginn: Mai 2001 &hellip; <a href=\"https:\/\/grumann.eu\/?page_id=74\">Weiterlesen <span class=\"meta-nav\">&rarr;<\/span><\/a><\/p>\n","protected":false},"author":1,"featured_media":0,"parent":112,"menu_order":0,"comment_status":"closed","ping_status":"closed","template":"","meta":{"footnotes":""},"class_list":["post-74","page","type-page","status-publish","hentry"],"_links":{"self":[{"href":"https:\/\/grumann.eu\/index.php?rest_route=\/wp\/v2\/pages\/74","targetHints":{"allow":["GET"]}}],"collection":[{"href":"https:\/\/grumann.eu\/index.php?rest_route=\/wp\/v2\/pages"}],"about":[{"href":"https:\/\/grumann.eu\/index.php?rest_route=\/wp\/v2\/types\/page"}],"author":[{"embeddable":true,"href":"https:\/\/grumann.eu\/index.php?rest_route=\/wp\/v2\/users\/1"}],"replies":[{"embeddable":true,"href":"https:\/\/grumann.eu\/index.php?rest_route=%2Fwp%2Fv2%2Fcomments&post=74"}],"version-history":[{"count":2,"href":"https:\/\/grumann.eu\/index.php?rest_route=\/wp\/v2\/pages\/74\/revisions"}],"predecessor-version":[{"id":185,"href":"https:\/\/grumann.eu\/index.php?rest_route=\/wp\/v2\/pages\/74\/revisions\/185"}],"up":[{"embeddable":true,"href":"https:\/\/grumann.eu\/index.php?rest_route=\/wp\/v2\/pages\/112"}],"wp:attachment":[{"href":"https:\/\/grumann.eu\/index.php?rest_route=%2Fwp%2Fv2%2Fmedia&parent=74"}],"curies":[{"name":"wp","href":"https:\/\/api.w.org\/{rel}","templated":true}]}}