{"id":67,"date":"2017-05-08T12:28:12","date_gmt":"2017-05-08T10:28:12","guid":{"rendered":"http:\/\/grumann.eu\/?page_id=67"},"modified":"2018-02-02T20:34:34","modified_gmt":"2018-02-02T19:34:34","slug":"1-projekt-2","status":"publish","type":"page","link":"https:\/\/grumann.eu\/?page_id=67","title":{"rendered":"Umnutzung eines ehemaligen Wohnheims zur Freien Schule Untertaunus"},"content":{"rendered":"<p>An der Ortseinfahrt zu Kettenbach Aarbergen liegt das ehemalige Arbeiterwohnheim der Passavant Werke. In diesem auf einem gro\u00dfz\u00fcgigen Grundst\u00fcck stehenden Geb\u00e4udekomplex aus zwei beinahe parallel zueinander geordneten Haupth\u00e4usern und einem verbindenden Mittelbau, hat die Freie Schule\u00a0Untertaunus ihren Platz gefunden.<\/p>\n<p>Bislang wurde nur eines der beiden ehemaligen Wohnh\u00e4user komplett f\u00fcr den Schulbetrieb saniert und freigegeben. Da die freie Schule ihr Angebot aber auf Kinderbetreuung und Unterricht vom Krippenalter bis zur Mittleren Reife ausgeweitet hat, werden neue R\u00e4ume ben\u00f6tigt. Daher ist eine Sanierung und Umnutzung des zweiten Wohngeb\u00e4udes und des Mittelhauses in Planung.<\/p>\n<p>Unter Ber\u00fccksichtigung des p\u00e4dagogischen Konzepts und der \u00f6ffentlich &#8211; rechtlichen Bestimmungen, wurde ein Gesamtkonzept entwickelt. Die erheblich gr\u00f6\u00dfere Zahl an Kindern stellt neue Anforderungen an die gesamte Freianlage als Teil der Didaktik. Mehr Parkpl\u00e4tze, eine Busvorfahrt, weitere Rettungswege, gr\u00f6\u00dfere Schulh\u00f6fe, Sportanlagen und der Gr\u00f6\u00dfe angepasste Logistikerschlie\u00dfung wurden eingeplant. Gro\u00dfz\u00fcgige Erlebnisr\u00e4ume unterst\u00fctzen die P\u00e4dagogik ganzt\u00e4gig.<\/p>\n<p>Planung: c\u00b2<\/p>\n<p>Bauherr: privat, Freie Schule Untertaunus e.V.<\/p>\n<p>BRI gem. DIN 277: ca. 9000 m\u00b3<\/p>\n<p>Leistung nach HOAI: LP 1-8 (Planung bis Bauleitung)<\/p>\n<p>Planungsbeginn: September\u00a0 2001<\/p>\n<p>Gestaltung der Freifl\u00e4chen:\u00a0 Baseg (Bundesarbeitsgemeinschaft selbstverwalteter Gartenbaubetriebe)<\/p>\n<p>&nbsp;<\/p>\n","protected":false},"excerpt":{"rendered":"<p>An der Ortseinfahrt zu Kettenbach Aarbergen liegt das ehemalige Arbeiterwohnheim der Passavant Werke. In diesem auf einem gro\u00dfz\u00fcgigen Grundst\u00fcck stehenden Geb\u00e4udekomplex aus zwei beinahe parallel zueinander geordneten Haupth\u00e4usern und einem verbindenden Mittelbau, hat die Freie Schule\u00a0Untertaunus ihren Platz gefunden. Bislang &hellip; <a href=\"https:\/\/grumann.eu\/?page_id=67\">Weiterlesen <span class=\"meta-nav\">&rarr;<\/span><\/a><\/p>\n","protected":false},"author":1,"featured_media":0,"parent":112,"menu_order":0,"comment_status":"closed","ping_status":"closed","template":"","meta":{"footnotes":""},"class_list":["post-67","page","type-page","status-publish","hentry"],"_links":{"self":[{"href":"https:\/\/grumann.eu\/index.php?rest_route=\/wp\/v2\/pages\/67","targetHints":{"allow":["GET"]}}],"collection":[{"href":"https:\/\/grumann.eu\/index.php?rest_route=\/wp\/v2\/pages"}],"about":[{"href":"https:\/\/grumann.eu\/index.php?rest_route=\/wp\/v2\/types\/page"}],"author":[{"embeddable":true,"href":"https:\/\/grumann.eu\/index.php?rest_route=\/wp\/v2\/users\/1"}],"replies":[{"embeddable":true,"href":"https:\/\/grumann.eu\/index.php?rest_route=%2Fwp%2Fv2%2Fcomments&post=67"}],"version-history":[{"count":2,"href":"https:\/\/grumann.eu\/index.php?rest_route=\/wp\/v2\/pages\/67\/revisions"}],"predecessor-version":[{"id":173,"href":"https:\/\/grumann.eu\/index.php?rest_route=\/wp\/v2\/pages\/67\/revisions\/173"}],"up":[{"embeddable":true,"href":"https:\/\/grumann.eu\/index.php?rest_route=\/wp\/v2\/pages\/112"}],"wp:attachment":[{"href":"https:\/\/grumann.eu\/index.php?rest_route=%2Fwp%2Fv2%2Fmedia&parent=67"}],"curies":[{"name":"wp","href":"https:\/\/api.w.org\/{rel}","templated":true}]}}