{"id":52,"date":"2017-05-08T12:30:05","date_gmt":"2017-05-08T10:30:05","guid":{"rendered":"http:\/\/grumann.eu\/?page_id=52"},"modified":"2018-02-02T20:42:03","modified_gmt":"2018-02-02T19:42:03","slug":"36-entwurf-einer-saunalandschaft","status":"publish","type":"page","link":"https:\/\/grumann.eu\/?page_id=52","title":{"rendered":"Entwurf einer Saunalandschaft f\u00fcr das Thermalfreibad in Schlangenbad"},"content":{"rendered":"<p>Bei diesem Entwurf wurde neben der Wirtschaftlichkeit besonderen Wert auf das Wohlbefinden der G\u00e4ste gelegt. Dazu z\u00e4hlt selbstverst\u00e4ndlich die R\u00fccksichtnahme auf gehbehinderte Menschen aber auch die Stimulation unterschiedlicher Vorlieben. Daher soll die Saunalandschaft in mehrere Bereiche aufgeteilt werden, zu denen private R\u00e4ume, Ruhezonen, aber auch \u00f6ffentliche und kommunikative Orte geh\u00f6ren.<\/p>\n<p>Planung: c\u00b2<\/p>\n<p>Bauherr: Gemeinde Schlangenbad<\/p>\n<p>Leistungen nach HOAI: LP 1 und 2 (Grundlagenermittlung und Vorplanung)<\/p>\n<p>Planerstellung: Juli 2004<\/p>\n","protected":false},"excerpt":{"rendered":"<p>Bei diesem Entwurf wurde neben der Wirtschaftlichkeit besonderen Wert auf das Wohlbefinden der G\u00e4ste gelegt. Dazu z\u00e4hlt selbstverst\u00e4ndlich die R\u00fccksichtnahme auf gehbehinderte Menschen aber auch die Stimulation unterschiedlicher Vorlieben. Daher soll die Saunalandschaft in mehrere Bereiche aufgeteilt werden, zu denen &hellip; <a href=\"https:\/\/grumann.eu\/?page_id=52\">Weiterlesen <span class=\"meta-nav\">&rarr;<\/span><\/a><\/p>\n","protected":false},"author":1,"featured_media":0,"parent":112,"menu_order":0,"comment_status":"closed","ping_status":"closed","template":"","meta":{"footnotes":""},"class_list":["post-52","page","type-page","status-publish","hentry"],"_links":{"self":[{"href":"https:\/\/grumann.eu\/index.php?rest_route=\/wp\/v2\/pages\/52","targetHints":{"allow":["GET"]}}],"collection":[{"href":"https:\/\/grumann.eu\/index.php?rest_route=\/wp\/v2\/pages"}],"about":[{"href":"https:\/\/grumann.eu\/index.php?rest_route=\/wp\/v2\/types\/page"}],"author":[{"embeddable":true,"href":"https:\/\/grumann.eu\/index.php?rest_route=\/wp\/v2\/users\/1"}],"replies":[{"embeddable":true,"href":"https:\/\/grumann.eu\/index.php?rest_route=%2Fwp%2Fv2%2Fcomments&post=52"}],"version-history":[{"count":3,"href":"https:\/\/grumann.eu\/index.php?rest_route=\/wp\/v2\/pages\/52\/revisions"}],"predecessor-version":[{"id":181,"href":"https:\/\/grumann.eu\/index.php?rest_route=\/wp\/v2\/pages\/52\/revisions\/181"}],"up":[{"embeddable":true,"href":"https:\/\/grumann.eu\/index.php?rest_route=\/wp\/v2\/pages\/112"}],"wp:attachment":[{"href":"https:\/\/grumann.eu\/index.php?rest_route=%2Fwp%2Fv2%2Fmedia&parent=52"}],"curies":[{"name":"wp","href":"https:\/\/api.w.org\/{rel}","templated":true}]}}