{"id":4,"date":"2017-04-01T22:48:31","date_gmt":"2017-04-01T20:48:31","guid":{"rendered":"http:\/\/grumann.eu\/?page_id=4"},"modified":"2025-11-25T13:49:07","modified_gmt":"2025-11-25T12:49:07","slug":"carsten-grumann-architekt","status":"publish","type":"page","link":"https:\/\/grumann.eu\/","title":{"rendered":"Carsten Grumann | Architekt"},"content":{"rendered":"<div><b>Carsten Grumann\u00a0<\/b><\/div>\n<div>Dipl. Ing. Architekt AKH<\/div>\n<div><\/div>\n<div>Sachverst\u00e4ndiger f\u00fcr die Bewertung von bebauten und unbebauten Grundst\u00fccken<\/div>\n<div><\/div>\n<div>Bornwiesweg 41<\/div>\n<div>D-65388 Schlangenbad &#8211; Georgenborn<\/div>\n<div><\/div>\n<div>Tel. +49 (0) 6129 5124 14<\/div>\n<div>Fax\u00a0 +49 (0) 6129 5124 15<\/div>\n<div><\/div>\n<div><\/div>\n<div><\/div>\n<div><\/div>\n<div><\/div>\n<div><\/div>\n<div><a title=\"http:\/\/www.grumann.eu\/\" href=\"http:\/\/www.grumann.eu\/\">www.grumann.eu<\/a><\/div>\n<div><\/div>\n<div><\/div>\n<div><\/div>\n<div><\/div>\n<div><\/div>\n<div><\/div>\n<div><\/div>\n<div><\/div>\n<div><\/div>\n<div><\/div>\n<div><\/div>\n<div><\/div>\n<div><\/div>\n<div><\/div>\n","protected":false},"excerpt":{"rendered":"<p>Carsten Grumann\u00a0 Dipl. Ing. Architekt AKH Sachverst\u00e4ndiger f\u00fcr die Bewertung von bebauten und unbebauten Grundst\u00fccken Bornwiesweg 41 D-65388 Schlangenbad &#8211; Georgenborn Tel. +49 (0) 6129 5124 14 Fax\u00a0 +49 (0) 6129 5124 15 www.grumann.eu<\/p>\n","protected":false},"author":1,"featured_media":0,"parent":0,"menu_order":0,"comment_status":"closed","ping_status":"closed","template":"","meta":{"footnotes":""},"class_list":["post-4","page","type-page","status-publish","hentry"],"_links":{"self":[{"href":"https:\/\/grumann.eu\/index.php?rest_route=\/wp\/v2\/pages\/4","targetHints":{"allow":["GET"]}}],"collection":[{"href":"https:\/\/grumann.eu\/index.php?rest_route=\/wp\/v2\/pages"}],"about":[{"href":"https:\/\/grumann.eu\/index.php?rest_route=\/wp\/v2\/types\/page"}],"author":[{"embeddable":true,"href":"https:\/\/grumann.eu\/index.php?rest_route=\/wp\/v2\/users\/1"}],"replies":[{"embeddable":true,"href":"https:\/\/grumann.eu\/index.php?rest_route=%2Fwp%2Fv2%2Fcomments&post=4"}],"version-history":[{"count":8,"href":"https:\/\/grumann.eu\/index.php?rest_route=\/wp\/v2\/pages\/4\/revisions"}],"predecessor-version":[{"id":226,"href":"https:\/\/grumann.eu\/index.php?rest_route=\/wp\/v2\/pages\/4\/revisions\/226"}],"wp:attachment":[{"href":"https:\/\/grumann.eu\/index.php?rest_route=%2Fwp%2Fv2%2Fmedia&parent=4"}],"curies":[{"name":"wp","href":"https:\/\/api.w.org\/{rel}","templated":true}]}}